86171622 and 2386?
2386
What is the highest common factor of 62312202 and 1206?
18
Calculate the greatest common factor of 45 and 1153265.
5
What is the greatest common factor of 37 and 186629924?
37
Calculate the highest common factor of 17553447 and 45.
9
What is the highest common divisor of 258144030 and 540?
270
What is the highest common factor of 843520769 and 91?
91
Calculate the greatest common factor of 16 and 3588616.
8
Calculate the highest common divisor of 160 and 714664640.
160
Calculate the greatest common factor of 3272171 and 931.
49
What is the greatest common divisor of 137061 and 405?
9
Calculate the highest common factor of 1972 and 31380028.
68
Calculate the greatest common factor of 324 and 562632804.
324
What is the highest common divisor of 12 and 14115744?
12
Calculate the greatest common divisor of 11279548 and 679000.
2716
Calculate the highest common factor of 10205035 and 219.
73
What is the greatest common factor of 524750962 and 4468?
2234
Calculate the greatest common divisor of 228 and 22438704.
12
Calculate the highest common divisor of 2802 and 371265.
1401
Calculate the highest common divisor of 351726 and 2806.
122
Calculate the greatest common factor of 33818369 and 169.
13
Calculate the greatest common divisor of 990 and 23594670.
990
What is the greatest common divisor of 682286331 and 795?
159
What is the greatest common divisor of 1603 and 647116673?
1603
Calculate the greatest common divisor of 296717652 and 148.
148
Calculate the highest common divisor of 310631520 and 68320.
9760
What is the greatest common factor of 2046 and 93192?
66
What is the greatest common divisor of 617 and 69672257?
617
Calculate the highest common divisor of 7623643 and 321.
107
What is the greatest common factor of 27340 and 965?
5
What is the highest common factor of 8 and 105132648?
8
What is the highest common factor of 752941 and 21?
7
Calculate the greatest common divisor of 1298332 and 11214.
1246
What is the greatest common factor of 34476 and 29979924?
2028
What is the greatest common factor of 7460 and 1761306?
746
Calculate the greatest common divisor of 101890 and 88642.
46
Calculate the greatest common factor of 4358567 and 4072.
509
Calculate the highest common factor of 65352856 and 152.
152
What is the greatest common factor of 9084 and 20892?
12
Calculate the greatest common factor of 117605 and 832050.
215
What is the greatest common factor of 1286 and 371859117?
643
What is the greatest common divisor of 2299035572 and 2284?
2284
Calculate the greatest common divisor of 348 and 2287056.
348
What is the highest common factor of 49800712 and 728?
104
Calculate the highest common factor of 61522 and 30571.
19
Calculate the greatest common divisor of 4004 and 2157892.
44
What is the greatest common divisor of 25 and 3097393950?
25
What is the highest common divisor of 35233 and 38819?
11
Calculate the highest common divisor of 1616 and 1602163.
101
What is the highest common divisor of 117792 and 1770152?
3272
What is the greatest common divisor of 448178346 and 1881?
1881
Calculate the highest common factor of 583464 and 14931784.
1288
What is the highest common divisor of 102540990 and 60?
30
Calculate the greatest common factor of 101472 and 10954748.
4228
What is the greatest common divisor of 43415693 and 491?
491
Calculate the greatest common divisor of 5230938 and 126.
6
Calculate the greatest common factor of 2292 and 932682.
6
What is the greatest common divisor of 95193 and 108657521?
10577
What is the highest common divisor of 237905 and 415?
5
What is the greatest common divisor of 28792732 and 25216?
788
What is the highest common divisor of 12851772 and 2436?
12
What is the highest common factor of 41142402 and 441?
63
What is the greatest common factor of 880 and 4022320?
80
What is the greatest common factor of 634155 and 25125?
1005
What is the greatest common divisor of 4157594 and 4102?
14
Calculate the greatest common divisor of 13333 and 175339.
67
What is the greatest common divisor of 38997 and 236943?
63
What is the greatest common divisor of 11 and 20875877?
11
What is the highest common divisor of 301 and 431591?
43
Calculate the highest common factor of 81 and 58068414.
81
What is the greatest common factor of 995744271 and 1487?
1487
Calculate the greatest common divisor of 84 and 331064412.
84
Calculate the greatest common divisor of 263487786 and 186.
186
Calculate the highest common divisor of 69 and 319505949.
69
Calculate the greatest common divisor of 555 and 129855.
15
Calculate the highest common factor of 18020 and 20965369.
901
Calculate the highest common divisor of 1305180 and 8640.
540
Calculate the highest common divisor of 6609 and 128529.
3
What is the greatest common divisor of 33 and 1231406?
11
What is the greatest common factor of 6965396 and 2824?
1412
What is the greatest common divisor of 1674078 and 4140?
138
Calculate the highest common factor of 98334 and 3513316.
1214
Calculate the greatest common divisor of 53342124 and 102.
102
Calculate the highest common factor of 13420 and 20248340.
1220
What is the highest common factor of 447612372 and 27?
27
Calculate the highest common divisor of 19401890 and 8965.
815
What is the highest common factor of 69785 and 21845?
85
What is the highest common divisor of 10513869 and 6?
3
Calculate the highest common divisor of 92091737 and 2822.
1411
Calculate the highest common factor of 11090302 and 258.
86
Calculate the highest common divisor of 3710268 and 4554.
414
What is the highest common divisor of 267 and 290235?
3
Calculate the highest common factor of 31211248 and 136.
8
What is the greatest common factor of 35478 and 147032658?
11826
What is the greatest common factor of 530544320 and 320?
320
Calculate the highest common divisor of 160 and 18002.
2
What is the greatest common factor of 13704 and 122281934?
1142
Calculate the highest common factor of 20927 and 3977361.
1231
Calculate the highest common divisor of 5322241609 and 53.
53
Calculate the highest common factor of 232694 and 1465618.
154
What is the highest common factor of 440 and 1478094552?
88
Calculate the highest common factor of 3649520 and 2489.
19
What is the highest common factor of 1099168 and 3808?
224
What is the highest common divisor of 1320982 and 57293?
1081
Calculate the highest common factor of 988 and 1399616.
76
Calculate the greatest common factor of 10300 and 9536255.
515
Calculate the greatest common factor of 198696 and 355023.
1461
What is the highest common divisor of 46848630 and 522?
174
Calculate the greatest common factor of 456 and 62703648.
456
What is the highest common divisor of 22638 and 2412366?
66
What is the highest common factor of 26960585 and 16705?
1285
What is the greatest common factor of 10135209 and 147?
147
What is the greatest common divisor of 10 and 18562930?
10
What is the greatest common factor of 19065 and 8610000?
615
What is the greatest common divisor of 21163325 and 13135?
355
Calculate the greatest common divisor of 6269362 and 1496.
374
Calculate the greatest common factor of 57 and 480421023.
57
Calculate the highest common factor of 33267819 and 507.
507
What is the highest common factor of 11 and 24402719?
11
What is the highest common factor of 7905 and 59176235?
85
What is the greatest common factor of 1911 and 6442275?
147
Calculate the greatest common divisor of 44045 and 537625.
115
Calculate the greatest common factor of 312975 and 469521.
117
What is the greatest common divisor of 469610878 and 589?
589
Calculate the greatest common factor of 5070 and 2572675170.
5070
What is the greatest common divisor of 4 and 1354201?
1
Calculate the highest common divisor of 938 and 144924283.
469
What is the highest common factor of 4132342 and 426?
142
Calculate the highest common divisor of 568 and 360046.
2
What is the greatest common factor of 1402651 and 205?
41
Calculate the greatest common divisor of 5533928 and 688.
344
Calculate the highest common factor of 9898145 and 527.
31
Calculate the greatest common divisor of 1339 and 885104441.
1339
What is the greatest common factor of 19808 and 4912?
16
What is the greatest common divisor of 16259496 and 605?
121
Calculate the grea